{"id":637,"date":"2021-04-08T12:41:51","date_gmt":"2021-04-08T12:41:51","guid":{"rendered":"http:\/\/www.scvanatorigl.ro\/?page_id=637"},"modified":"2025-07-03T11:34:39","modified_gmt":"2025-07-03T08:34:39","slug":"admitere-liceu","status":"publish","type":"page","link":"https:\/\/www.scvanatorigl.ro\/index.php\/admitere-liceu\/","title":{"rendered":"Admitere liceu"},"content":{"rendered":"\n<p class=\"has-contrast-color has-base-2-background-color has-text-color has-background\">Admiterea \u00een \u00eenv\u0103\u021b\u0103m\u00e2ntul liceal \u0219i profesional pentru anul \u0219colar 2025-2026<\/p>\n\n\n\n<ul class=\"wp-block-list\">\n<li><a href=\"https:\/\/www.scvanatorigl.ro\/wp-content\/uploads\/2025\/07\/Admitere-liceu-2025-Ordinul-ministrului-educatiei-nr.-6.4802024-anexe-1-5-Monitorul-Oficial-Partea-I-nr.-895Bis.pdf\">Ordin \u0219i anexe privind desf\u0103\u0219urarea \u0219i organizarea admiterii \u00een \u00eenv\u0103\u021b\u0103m\u00e2ntul liceal pentru anul \u0219colar 2025-2026<\/a><\/li>\n\n\n\n<li><a href=\"http:\/\/www.isj.gl.edu.ro\/html\/examene_ad.htm\">Oferta educa\u021bional\u0103<\/a><\/li>\n<\/ul>\n\n\n\n<p class=\"has-contrast-color has-base-2-background-color has-text-color has-background\">Admiterea \u00een \u00eenv\u0103\u021b\u0103m\u00e2ntul liceal \u0219i profesional pentru anul \u0219colar 2024-2025<\/p>\n\n\n\n<ul class=\"wp-block-list\">\n<li><a href=\"https:\/\/www.edu.ro\/admitere-liceu-si-inv-profesional\">Ordin \u0219i anexe privind desf\u0103\u0219urarea \u0219i organizarea admiterii \u00een \u00eenv\u0103\u021b\u0103m\u00e2ntul liceal pentru anul \u0219colar 2024-2025<\/a><\/li>\n\n\n\n<li><a href=\"http:\/\/www.isj.gl.edu.ro\/html\/examene_ad.htm\">Oferta educa\u021bional\u0103<\/a><\/li>\n<\/ul>\n\n\n\n<p class=\"has-contrast-color has-base-2-background-color has-text-color has-background\">Admiterea \u00een \u00eenv\u0103\u021b\u0103m\u00e2ntul liceal \u0219i profesional pentru anul \u0219colar 2023-2024<\/p>\n\n\n\n<ul class=\"wp-block-list\">\n<li><a href=\"http:\/\/www.isj.gl.edu.ro\/html\/sub_examene\/2022-2023\/ADLIC%202023\/Legislatie_ADLIC\/Ordin_5243_anexe_incluse.pdf\">Ordin \u0219i anexe privind desf\u0103\u0219urarea \u0219i organizarea admiterii \u00een \u00eenv\u0103\u021b\u0103m\u00e2ntul liceal pentru anul \u0219colar 2023-2024<\/a><\/li>\n\n\n\n<li><a href=\"http:\/\/www.isj.gl.edu.ro\/html\/sub_examene\/2022-2023\/ADLIC%202023\/Brosura\/Brosura_ADLIC_2023.pdf\">Oferta educa\u021bional\u0103<\/a><\/li>\n<\/ul>\n\n\n\n<p><\/p>\n","protected":false},"excerpt":{"rendered":"<p>Admiterea \u00een \u00eenv\u0103\u021b\u0103m\u00e2ntul liceal \u0219i profesional pentru anul \u0219colar 2025-2026 Admiterea \u00een \u00eenv\u0103\u021b\u0103m\u00e2ntul liceal \u0219i profesional pentru anul \u0219colar 2024-2025 Admiterea \u00een \u00eenv\u0103\u021b\u0103m\u00e2ntul liceal \u0219i profesional pentru anul \u0219colar 2023-2024<\/p>\n","protected":false},"author":1,"featured_media":0,"parent":0,"menu_order":0,"comment_status":"closed","ping_status":"closed","template":"","meta":{"footnotes":""},"class_list":["post-637","page","type-page","status-publish"],"jetpack_sharing_enabled":true,"_links":{"self":[{"href":"https:\/\/www.scvanatorigl.ro\/index.php\/wp-json\/wp\/v2\/pages\/637","targetHints":{"allow":["GET"]}}],"collection":[{"href":"https:\/\/www.scvanatorigl.ro\/index.php\/wp-json\/wp\/v2\/pages"}],"about":[{"href":"https:\/\/www.scvanatorigl.ro\/index.php\/wp-json\/wp\/v2\/types\/page"}],"author":[{"embeddable":true,"href":"https:\/\/www.scvanatorigl.ro\/index.php\/wp-json\/wp\/v2\/users\/1"}],"replies":[{"embeddable":true,"href":"https:\/\/www.scvanatorigl.ro\/index.php\/wp-json\/wp\/v2\/comments?post=637"}],"version-history":[{"count":8,"href":"https:\/\/www.scvanatorigl.ro\/index.php\/wp-json\/wp\/v2\/pages\/637\/revisions"}],"predecessor-version":[{"id":2290,"href":"https:\/\/www.scvanatorigl.ro\/index.php\/wp-json\/wp\/v2\/pages\/637\/revisions\/2290"}],"wp:attachment":[{"href":"https:\/\/www.scvanatorigl.ro\/index.php\/wp-json\/wp\/v2\/media?parent=637"}],"curies":[{"name":"wp","href":"https:\/\/api.w.org\/{rel}","templated":true}]}}