{"id":443,"date":"2021-03-31T15:01:22","date_gmt":"2021-03-31T15:01:22","guid":{"rendered":"http:\/\/www.scvanatorigl.ro\/?page_id=443"},"modified":"2025-10-10T12:47:13","modified_gmt":"2025-10-10T09:47:13","slug":"evaluarea-nationala-viii","status":"publish","type":"page","link":"https:\/\/www.scvanatorigl.ro\/index.php\/evaluarea-nationala-viii\/","title":{"rendered":"Evaluarea Na\u021bional\u0103 a absolven\u021bilor clasei a VIII-a (EN VIII)"},"content":{"rendered":"\n<ul class=\"wp-block-list\">\n<li>Tel.0236344128, Fax.0236344390<\/li>\n\n\n\n<li>mail: scoala_vinatori@yahoo.com<\/li>\n<\/ul>\n\n\n\n<div class=\"wp-block-group\"><div class=\"wp-block-group__inner-container is-layout-flow wp-block-group-is-layout-flow\">\n<ul class=\"wp-block-list has-base-background-color has-background has-medium-font-size\">\n<li class=\"has-contrast-color has-text-color has-link-color wp-elements-240bd4fa6fd206a478310272d5d1fb3a\" style=\"font-size:16px\"><a href=\"https:\/\/www.edu.ro\/sites\/default\/files\/_fi%C8%99iere\/Legislatie\/2025\/OMEC_6058_2025%20calendar_ENVIII_2026.pdf\">Ordin privind organizarea \u0219i desf\u0103\u0219urarea evalu\u0103rii na\u021bionale pentru absolven\u021bii clasei a VIII-a, \u00een anul \u0219colar 2025-2026<\/a><\/li>\n\n\n\n<li class=\"has-contrast-color has-text-color has-link-color wp-elements-238e96abcb93743c30c213c901f1c0be\" style=\"font-size:16px\"><a href=\"https:\/\/www.edu.ro\/evaluare_nationala_ENVIII\">Metodologie \u0219i calendar<\/a><\/li>\n<\/ul>\n\n\n\n<ul class=\"wp-block-list has-base-background-color has-background has-medium-font-size\">\n<li class=\"has-contrast-color has-text-color has-link-color wp-elements-ab5bfe99b77f015177d44161207d16f6\" style=\"font-size:16px\"><a href=\"https:\/\/www.scvanatorigl.ro\/wp-content\/uploads\/2025\/06\/OM_6479_2024_ENVIII_2024_2025.pdf\">Ordin privind organizarea \u0219i desf\u0103\u0219urarea evalu\u0103rii na\u021bionale pentru absolven\u021bii clasei a VIII-a, \u00een anul \u0219colar 2024-2025<\/a><\/li>\n\n\n\n<li class=\"has-contrast-color has-text-color has-link-color wp-elements-4d4da629c01d06b25b83807585889190\" style=\"font-size:16px\"><a href=\"http:\/\/www.isj.gl.edu.ro\/html\/examene_eval.htm\">Metodologie \u0219i calendar<\/a><\/li>\n<\/ul>\n\n\n\n<ul class=\"wp-block-list has-base-background-color has-background has-medium-font-size\">\n<li style=\"font-size:14px\"><strong>\u00ceNSCRIEREA CANDIDA\u0162ILOR LA EVALUAREA NA\u021aIONAL\u0102<\/strong>, <strong>anul \u0219colar<\/strong> <strong>2023-2024<\/strong><\/li>\n\n\n\n<li style=\"font-size:14px\"><strong>Metodologia \u015fi calendarul pot fi studiate <strong>(<\/strong>aici)<\/strong><\/li>\n\n\n\n<li style=\"font-size:14px\">Graficul ac\u021biunilor de completare a op\u021biunilor de c\u0103tre absolven\u021bii clasei a VIII-a <strong>(aici)<\/strong><\/li>\n<\/ul>\n\n\n\n<ul class=\"wp-block-list has-base-background-color has-background has-medium-font-size\">\n<li style=\"font-size:14px\"><strong>\u00ceNSCRIEREA CANDIDA\u0162ILOR LA EVALUAREA NA\u021aIONAL\u0102<\/strong>, <strong>anul \u0219colar<\/strong> <strong>2022-2023<\/strong><\/li>\n\n\n\n<li style=\"font-size:14px\"><strong>Metodologia \u015fi calendarul pot fi studiate <a href=\"https:\/\/www.edu.ro\/evaluare_nationala_ENVIII\"><strong>(<\/strong>aici)<\/a><\/strong><\/li>\n\n\n\n<li style=\"font-size:14px\">Graficul ac\u021biunilor de completare a op\u021biunilor de c\u0103tre absolven\u021bii clasei a VIII-a <strong>(aici)<\/strong><\/li>\n<\/ul>\n\n\n\n<ul class=\"wp-block-list has-base-background-color has-background has-medium-font-size\">\n<li style=\"font-size:14px\"><strong>\u00ceNSCRIEREA CANDIDA\u0162ILOR LA EVALUAREA NA\u021aIONAL\u0102<\/strong>, <strong> anul \u0219colar 2021-2022<\/strong><\/li>\n\n\n\n<li style=\"font-size:14px\"><strong>Metodologia \u015fi calendarul pot fi studiate <a href=\"https:\/\/www.scvanatorigl.ro\/wp-content\/uploads\/2022\/05\/grafic-completare-optiuni1.pdf\"><strong>(<\/strong><\/a><a href=\"https:\/\/www.edu.ro\/evaluarea-na%C8%9Bional%C4%83-elevilor-de-clasa-viii-en-viii\">aici)<\/a><\/strong><\/li>\n\n\n\n<li style=\"font-size:14px\">Graficul ac\u021biunilor de completare a op\u021biunilor de c\u0103tre absolven\u021bii clasei a VIII-a <a href=\"https:\/\/www.scvanatorigl.ro\/wp-content\/uploads\/2022\/05\/grafic-completare-optiuni1.pdf\"><strong>(aici)<\/strong><\/a><\/li>\n<\/ul>\n\n\n\n<p class=\"has-base-background-color has-background has-small-font-size\">\u00ce<strong>NSCRIEREA CANDIDA\u0162ILOR LA EVALUAREA NA\u021aIONAL\u0102 2021<\/strong> Informa\u021bii utile privind desf\u0103\u0219urarea Evalu\u0103rii Na\u021bionale, anul \u0219colar 2020-2021 &#8211; <a href=\"https:\/\/www.scvanatorigl.ro\/wp-content\/uploads\/2021\/06\/GHID_EV_NAT_VIII_2021.pdf\"><strong>GHID_EV_NAT_VIII_2021<\/strong><\/a>. Evaluarea Na\u021bional\u0103 pentru absolven\u021bii clasei a VIII-a se desf\u0103\u0219oar\u0103, \u00een anul \u0219colar 2020-2021, \u00een conformitate cu prevederile Metodologiei de organizare \u0219i desf\u0103\u0219urare a evalu\u0103rii na\u021bionale pentru elevii clasei a VIII-a, \u00een anul \u0219colar 2010-2011, aprobat\u0103 prin Ordinul ministrului educa\u021biei, cercet\u0103rii, tineretului \u0219i sportului nr. 4801\/2010 privind organizarea \u0219i desf\u0103\u0219urarea evalu\u0103rii na\u021bionale pentru elevii clasei a VIII-a \u00een anul \u0219colar 2010-2011, cu prevederile Ordinului ministrului educa\u021biei nr. 5.455\/ 31.08.2020 si prevederile Ordinului ministrului educa\u021biei nr. 3744\/28.04.2021.<\/p>\n\n\n\n<p class=\"has-base-background-color has-background has-small-font-size\">Conform calendarului de desf\u0103\u0219urare a evalu\u0103rii na\u021bionale pentru absolven\u021bii clasei a VIII-a, pentru prima sesiune a evalu\u0103rii na\u021bionale, \u00eenscrierile se pot face timp de cinci zile, \u00een perioada 07 &#8211; 11 iunie, care este \u0219i ultima zi de \u0219coal\u0103 pentru elevii din clasa a VIII-a.<\/p>\n\n\n\n<p class=\"has-base-background-color has-background has-small-font-size\">CALENDARUL de desf\u0103\u0219urare a evalu\u0103rii na\u021bionale pentru absolven\u021bii clasei a VIII-a, \u00een anul \u0219colar 2020-2021:                                                                               07 \u2013 11 iunie 2021 \u00censcrierea la evaluarea na\u021bional\u0103                                                                                                                                                                  11 iunie 2021 \u00cencheierea cursurilor pentru elevii de clasa a VIII-a                                                                                                                                                             22 iunie 2021 Limba \u0219i literatura rom\u00e2n\u0103 \u2013 prob\u0103 scris\u0103                                                                                                                                                                              24 iunie 2021 Matematica \u2013 prob\u0103 scris\u0103                                                                                                                                                                                              25 iunie 2021 Limba \u0219i literatura matern\u0103 \u2013 prob\u0103 scris\u0103                                                                                                                                                                        29 iunie 2021 Afi\u0219area rezultatelor \u00eenaintea contesta\u021biilor (p\u00e2n\u0103 la ora 14:00)                                                                                                                                           29 iunie 2021 (ora 16:00 \u2013 ora 19:00) Depunerea contesta\u021biilor                                                                                                                                                                    30 iunie 2021 (ora 8:00 \u2013 ora 12:00) Depunerea contesta\u021biilor                                                                                                                                                                    30 iunie \u2013 4 iulie 2021 Solu\u021bionarea contesta\u021biilor                                                                                                                                                                                     4 iulie 2021 Afi\u0219area rezultatelor finale dup\u0103 solu\u021bionarea contesta\u021biilor<\/p>\n\n\n\n<p class=\"has-base-background-color has-background has-small-font-size\">\u00censcrierea candida\u021bilor pentru Evaluarea Na\u021bional\u0103 se face astfel:                                                                                                                                                        &#8211; pentru candida\u021bii din seria curent\u0103, secretarii unit\u0103\u021bilor de \u00eenv\u0103\u021b\u0103m\u00e2nt, \u00een conformitate cu eviden\u021bele \u0219colii, introduc datele personale ale elevilor \u00een platforma dedicat\u0103 Evalu\u0103rii Na\u021bionale.Nu se completeaz\u0103 nicio cerere pentru candida\u021bii seriei curente, nici de c\u0103tre elevi, nici de c\u0103tre p\u0103rin\u021bi.                                      &#8211; pentru candida\u021bii din anii preceden\u021bi \u00eenscrierea se face de c\u0103tre secretariatul unit\u0103\u021bii de \u00eenv\u0103\u021b\u0103m\u00e2nt pe care candida\u021bii au absolvit-o, pe baza actelor prezentate de ace\u0219tia.<\/p>\n\n\n\n<p class=\"has-base-background-color has-background has-small-font-size\">Potrivit Articolului 16 din Metodologia de organizare \u0219i desf\u0103\u0219urare a evalu\u0103rii na\u021bionale pentru elevii clasei a VIII-a, \u00eenscrierea se face astfel:                                           &#8211; la Evaluarea Na\u0163ional\u0103 se pot \u00eenscrie absolven\u0163ii clasei a VIII-a din seria curent\u0103 \u0219i din seriile anterioare, care nu au participat \u00een nicio sesiune la unul din examenele na\u0163ionale: examenul de capacitate, testele na\u0163ionale, tezele cu subiect unic sau evaluare na\u0163ional\u0103.                                                                                &#8211; candida\u0163ii din promo\u0163iile de p\u00e2n\u0103 \u00een 1998 inclusiv nu particip\u0103 la Evaluarea Na\u021bional\u0103, \u00eentruc\u00e2t pot solicita echivalarea examenului de capacitate, \u00een conformitate cu ordinul ministrului educa\u0163iei na\u0163ionale nr. 4701\/2000, publicat \u00een Monitorul Oficial al Rom\u00e2niei nr. 37\/2001, Partea I.                                                       &#8211; elevii rom\u00e2ni care au studiat \u00een str\u0103in\u0103tate se pot \u00eenscrie la Evaluarea Na\u0163ional\u0103 numai dup\u0103 echivalarea studiilor \u015fi promovarea examenelor de diferen\u0163\u0103 stabilite de ME, prin Centrul Na\u0163ional pentru Recunoa\u015fterea \u015fi Echivalarea Diplomelor.<\/p>\n<\/div><\/div>\n","protected":false},"excerpt":{"rendered":"<p>\u00ceNSCRIEREA CANDIDA\u0162ILOR LA EVALUAREA NA\u021aIONAL\u0102 2021 Informa\u021bii utile privind desf\u0103\u0219urarea Evalu\u0103rii Na\u021bionale, anul \u0219colar 2020-2021 &#8211; GHID_EV_NAT_VIII_2021. Evaluarea Na\u021bional\u0103 pentru absolven\u021bii clasei a VIII-a se desf\u0103\u0219oar\u0103, \u00een anul \u0219colar 2020-2021, \u00een conformitate cu prevederile Metodologiei de organizare \u0219i desf\u0103\u0219urare a evalu\u0103rii na\u021bionale pentru elevii clasei a VIII-a, \u00een anul \u0219colar 2010-2011, aprobat\u0103 prin Ordinul ministrului &#8230; <a title=\"Evaluarea Na\u021bional\u0103 a absolven\u021bilor clasei a VIII-a (EN VIII)\" class=\"read-more\" href=\"https:\/\/www.scvanatorigl.ro\/index.php\/evaluarea-nationala-viii\/\" aria-label=\"Cite\u0219te mai multe despre Evaluarea Na\u021bional\u0103 a absolven\u021bilor clasei a VIII-a (EN VIII)\">Cite\u0219te mai mult<\/a><\/p>\n","protected":false},"author":1,"featured_media":0,"parent":0,"menu_order":0,"comment_status":"closed","ping_status":"closed","template":"","meta":{"footnotes":""},"class_list":["post-443","page","type-page","status-publish"],"jetpack_sharing_enabled":true,"_links":{"self":[{"href":"https:\/\/www.scvanatorigl.ro\/index.php\/wp-json\/wp\/v2\/pages\/443","targetHints":{"allow":["GET"]}}],"collection":[{"href":"https:\/\/www.scvanatorigl.ro\/index.php\/wp-json\/wp\/v2\/pages"}],"about":[{"href":"https:\/\/www.scvanatorigl.ro\/index.php\/wp-json\/wp\/v2\/types\/page"}],"author":[{"embeddable":true,"href":"https:\/\/www.scvanatorigl.ro\/index.php\/wp-json\/wp\/v2\/users\/1"}],"replies":[{"embeddable":true,"href":"https:\/\/www.scvanatorigl.ro\/index.php\/wp-json\/wp\/v2\/comments?post=443"}],"version-history":[{"count":14,"href":"https:\/\/www.scvanatorigl.ro\/index.php\/wp-json\/wp\/v2\/pages\/443\/revisions"}],"predecessor-version":[{"id":2366,"href":"https:\/\/www.scvanatorigl.ro\/index.php\/wp-json\/wp\/v2\/pages\/443\/revisions\/2366"}],"wp:attachment":[{"href":"https:\/\/www.scvanatorigl.ro\/index.php\/wp-json\/wp\/v2\/media?parent=443"}],"curies":[{"name":"wp","href":"https:\/\/api.w.org\/{rel}","templated":true}]}}